{"id":6,"date":"2019-12-15T19:29:47","date_gmt":"2019-12-15T19:29:47","guid":{"rendered":"https:\/\/cappa.ca\/conference\/2020\/?page_id=6"},"modified":"2020-03-31T18:45:39","modified_gmt":"2020-03-31T18:45:39","slug":"the-new-umoma-opens-its-doors-2","status":"publish","type":"page","link":"https:\/\/cappa.ca\/conference\/2020\/","title":{"rendered":"Welcome\/Bienvenue"},"content":{"rendered":"<h2><b>CAPPA\/ACPAP Statement<br \/>\nCancellation of Participation in 2020 Congress of Social Sciences and Humanities Tuesday, March 31 2020<span class=\"Apple-converted-space\">\u00a0<\/span><\/b><\/h2>\n<p><b><i>*le fran\u00e7ais suit*<span class=\"Apple-converted-space\">\u00a0<\/span><\/i><\/b><\/p>\n<p>Given the ongoing impact of the COVID-19 pandemic, the Canadian Association of Programs in Public Administration (CAPPA) has made the difficult decision to cancel its participation in the 2020 Congress of Social Sciences and Humanities.<span class=\"Apple-converted-space\">\u00a0<\/span><\/p>\n<p>CAPPA seriously considered the possibility of hosting an online conference, supported by the Federation of Humanities and Social Sciences. While this is an option that will work for some Associations, we are concerned that an online conference will not meet the needs of our conference participants at this time. Moving final exams and classes online in a short timeframe has had a significant impact on participants. Coupled with the cancellation of school, childcare, and other services across the country, these changes have meant that participants are facing higher levels of responsibility and stress. The uncertainty of the environment, including how the virus may develop and spread, means that it is difficult to say with certainty that a conference of any kind at the end of May\/early June would be feasible.<span class=\"Apple-converted-space\">\u00a0<\/span><\/p>\n<p>The conference provides an important opportunity for researchers to discuss their work, consider new teaching methodologies, and consider key issues in public administration and public policy. The Board is considering options for bringing researchers, educators, and practitioners together as well as hosting our Annual General Meeting, and will be sharing these options in the near future.<span class=\"Apple-converted-space\">\u00a0<\/span><\/p>\n<p>All participants who have already registered for the Congress will have their fees returned. The FHSS will process individual Congress fee refunds of all associations that have withdrawn from Congress as soon as possible and send you a confirmation email. There is no need to contact them.<span class=\"Apple-converted-space\">\u00a0<\/span><\/p>\n<p>The conference organizers have already put in a significant amount of work in advance of the anticipated conference. We want to particularly thank Joe Lyons at Western University and his team for all of the work they\u2019ve put in to date, as well as members of the CAPPA Board for their support along the way. We extend our thanks to those who submitted abstracts, were willing to be part of plenary sessions, and had agreed to chair these sessions.<span class=\"Apple-converted-space\">\u00a0<\/span><\/p>\n<p>Finally, we thank you all for your patience in the coming days as the Board consults on next steps.<span class=\"Apple-converted-space\">\u00a0<\/span><\/p>\n<p><b>D\u00e9claration CAPPA\/ACPAP<span class=\"Apple-converted-space\">\u00a0<\/span><\/b><\/p>\n<p><b>Annulation de la participation au Congr\u00e8s des sciences sociales et humaines 2020<span class=\"Apple-converted-space\">\u00a0<\/span><\/b><\/p>\n<p><b>Mardi 31 mars 2020<span class=\"Apple-converted-space\">\u00a0<\/span><\/b><\/p>\n<p>\u00c9tant donn\u00e9 l&#8217;impact de la pand\u00e9mie COVID-19 qui se poursuit, l&#8217;Association canadienne des programmes d&#8217;administration publique (ACPAP\/CAPPA) a pris la difficile d\u00e9cision d&#8217;annuler sa participation au Congr\u00e8s des sciences sociales et humaines de 2020.<span class=\"Apple-converted-space\">\u00a0<\/span><\/p>\n<p>L\u2019ACPAP\/CAPPA a s\u00e9rieusement envisag\u00e9 la possibilit\u00e9 d&#8217;organiser une conf\u00e9rence en ligne, soutenue par la F\u00e9d\u00e9ration des sciences humaines et sociales. Bien que cette option fonctionne pour certaines associations, nous craignons qu&#8217;une conf\u00e9rence en ligne ne r\u00e9ponde pas aux besoins de nos participant.es pour le moment. En effet, la mise en ligne des examens finaux et des cours dans un d\u00e9lai tr\u00e8s court a eu un impact important sur les participant.es. Conjugu\u00e9s \u00e0 la fermeture des \u00e9coles, des services de garde d&#8217;enfants et d&#8217;autres services dans tout le pays, ces changements ont eu pour effet d&#8217;accro\u00eetre le niveau de responsabilit\u00e9s et de stress des participant.es. L&#8217;incertitude de la situation, y compris la mani\u00e8re dont le virus peut se d\u00e9velopper et se propager,<span class=\"Apple-converted-space\">\u00a0<\/span><\/p>\n<p>fait qu&#8217;il est difficile d&#8217;affirmer avec certitude qu&#8217;une conf\u00e9rence de quelque nature que ce soit \u00e0 la fin mai\/d\u00e9but juin serait r\u00e9alisable.<span class=\"Apple-converted-space\">\u00a0<\/span><\/p>\n<p>La conf\u00e9rence offre aux chercheur.es une occasion importante de discuter de leurs travaux, d&#8217;envisager de nouvelles m\u00e9thodes d&#8217;enseignement et de se pencher sur des questions cl\u00e9s en mati\u00e8re d&#8217;administration et de politiques publiques. Le conseil d&#8217;administration \u00e9tudie pr\u00e9sentement les alternatives afin de r\u00e9unir les chercheur.es, les enseignant.es et les praticien.nes et d&#8217;accueillir notre assembl\u00e9e g\u00e9n\u00e9rale annuelle, et vous fera part de ces possibilit\u00e9s dans un avenir proche.<span class=\"Apple-converted-space\">\u00a0<\/span><\/p>\n<p>Les frais d\u2019inscription des participant.es qui se sont d\u00e9j\u00e0 inscrits au Congr\u00e8s seront rembours\u00e9s. La F\u00e9d\u00e9ration s\u2019occupera des remboursements individuels des frais de participation au Congr\u00e8s de toutes les associations qui se sont retir\u00e9es du Congr\u00e8s d\u00e8s que possible et vous enverra un courriel de confirmation. Il n&#8217;est pas n\u00e9cessaire de les contacter.<span class=\"Apple-converted-space\">\u00a0<\/span><\/p>\n<p>Les organisateurs du congr\u00e8s avaient d\u00e9j\u00e0 accompli un travail consid\u00e9rable en pr\u00e9vision de la conf\u00e9rence pr\u00e9vue. Nous tenons \u00e0 remercier tout particuli\u00e8rement Joe Lyons de l&#8217;Universit\u00e9 Western et son \u00e9quipe pour tout le travail accompli jusqu&#8217;\u00e0 pr\u00e9sent, ainsi que les membres du conseil d&#8217;administration de l&#8217;ACPAP pour leur soutien tout au long du processus. Nous remercions \u00e9galement les personnes qui avaient soumis des r\u00e9sum\u00e9s, qui avaient accept\u00e9 de participer aux sessions pl\u00e9ni\u00e8res et qui avaient accept\u00e9 de pr\u00e9sider ces sessions.<span class=\"Apple-converted-space\">\u00a0<\/span><\/p>\n<p>Enfin, nous vous remercions toutes et tous pour votre patience dans les jours \u00e0 venir, alors que le conseil d&#8217;administration se concerte sur les prochaines \u00e9tapes.<span class=\"Apple-converted-space\">\u00a0<\/span><\/p>\n","protected":false},"excerpt":{"rendered":"<div class=\"entry-summary\">\nCAPPA\/ACPAP Statement Cancellation of Participation in 2020 Congress of Social Sciences and Humanities Tuesday, March 31 2020\u00a0 *le fran\u00e7ais suit*\u00a0 Given the ongoing impact of the COVID-19 pandemic, the Canadian Association of Programs in Public Administration (CAPPA) has made the&hellip;\n<\/div>\n<div class=\"link-more\"><a href=\"https:\/\/cappa.ca\/conference\/2020\/\" class=\"more-link\">Continue reading<span class=\"screen-reader-text\"> &ldquo;Welcome\/Bienvenue&rdquo;<\/span>&hellip;<\/a><\/div>\n","protected":false},"author":1,"featured_media":5,"parent":0,"menu_order":0,"comment_status":"closed","ping_status":"closed","template":"","meta":{"footnotes":""},"class_list":["post-6","page","type-page","status-publish","has-post-thumbnail","hentry","entry"],"_links":{"self":[{"href":"https:\/\/cappa.ca\/conference\/2020\/wp-json\/wp\/v2\/pages\/6","targetHints":{"allow":["GET"]}}],"collection":[{"href":"https:\/\/cappa.ca\/conference\/2020\/wp-json\/wp\/v2\/pages"}],"about":[{"href":"https:\/\/cappa.ca\/conference\/2020\/wp-json\/wp\/v2\/types\/page"}],"author":[{"embeddable":true,"href":"https:\/\/cappa.ca\/conference\/2020\/wp-json\/wp\/v2\/users\/1"}],"replies":[{"embeddable":true,"href":"https:\/\/cappa.ca\/conference\/2020\/wp-json\/wp\/v2\/comments?post=6"}],"version-history":[{"count":16,"href":"https:\/\/cappa.ca\/conference\/2020\/wp-json\/wp\/v2\/pages\/6\/revisions"}],"predecessor-version":[{"id":82,"href":"https:\/\/cappa.ca\/conference\/2020\/wp-json\/wp\/v2\/pages\/6\/revisions\/82"}],"wp:featuredmedia":[{"embeddable":true,"href":"https:\/\/cappa.ca\/conference\/2020\/wp-json\/wp\/v2\/media\/5"}],"wp:attachment":[{"href":"https:\/\/cappa.ca\/conference\/2020\/wp-json\/wp\/v2\/media?parent=6"}],"curies":[{"name":"wp","href":"https:\/\/api.w.org\/{rel}","templated":true}]}}